 = 2*y, -4*t = -4*y + 16. Let a = -7 + 9. Suppose y = c - a*c. Let r(f) = f**3 + 5*f**2 + 2*f - 5. Determine r(c).
3
Suppose 0 = -0*r + 2*r - 4. Suppose -r*g - 3*g - 15 = 0. Let t(l) = -2*l**2 - l - 1. Let k(u) = -u**2 + u. Let p(w) = -k(w) + t(w). Determine p(g).
-4
Let d(p) = p**3 - 4*p**2 + 3*p - 2. Suppose 0 = 2*y - f - 3*f + 10, -5*y - f - 69 = 0. Let b(i) = -i**3 - 12*i**2 + 14*i + 16. Let q be b(y). What is d(q)?
-2
Let z(q) = -q**3 - 4*q**2 - 2*q - 4. Let g = 46 + -50. Calculate z(g).
4
Let v(j) = j - 1. Let a(m) be the third derivative of -m**6/120 - m**5/60 + m**4/4 - 5*m**3/6 - 2*m**2. Let c(x) = a(x) - 5*v(x). Determine c(1).
-1
Let q(w) = -1 - 5*w**2 + 6*w + 6*w**2 + 4. Determine q(-4).
-5
Let q(t) = -t**3 + 6*t**2 - 2*t + 9. Suppose -2*u + 70 = -4*c, 10 = -2*c + 3*u - 19. Let o be 11/2 + c/(-38). Give q(o).
-3
Let p = 3 + -2. Let k(v) = 8*v - 3. Let s(l) = -9*l + 4. Let q(o) = -3*k(o) - 2*s(o). Give q(p).
-5
Let x(o) be the third derivative of -o**4/24 - 5*o**3/6 + 22*o**2 - 2. Let h = 0 + -5. Determine x(h).
0
Let t = 4 + -1. Let m(p) = 3 + 267*p + 0 - 271*p. Calculate m(t).
-9
Let m(r) be the first derivative of -9*r**4/4 + 2*r**3/3 - r + 27. Determine m(1).
-8
Let k(c) = -4*c**2 + 4*c. Let a(n) = 5*n**2 - 3*n. Let m(o) = 3*a(o) + 4*k(o). Determine m(6).
6
Let a(d) = d**2 - d - 1. Let n(z) = 3*z**2 - 5*z - 6. Let h(q) = q**3 + 4*q**2 + q - 4. Let y be h(-3). Let l(t) = y*a(t) - n(t). Calculate l(5).
-6
Suppose 6 = 2*m, -5*q + 6 = -5*m + 41. Let t(h) = -8*h**2 + 23*h + 15. Let i(n) = 3*n**2 - 8*n - 5. Let z(r) = -11*i(r) - 4*t(r). Determine z(q).
-5
Suppose 5*d + 2*s - 15 = s, 3*d = -s + 11. Suppose b + 4*k - 4 + 13 = 0, 0 = 5*k + 20. Let t(g) = -d + b - 4 + 3*g + g**2. Determine t(-3).
1
Let c(n) = -n**3 - n**2 + n + 1. Let q(w) be the third derivative of w**6/24 - w**5/60 - w**4/6 + w**3/3 + 5*w**2. Let x(u) = -6*c(u) - q(u). Give x(-7).
6
Let p(k) = 3*k**2 + 7*k - 4. Let t(v) = -v**2 - 2*v - 1. Let u(m) = p(m) + 2*t(m). What is u(-5)?
4
Let g(j) = -5 + j + 1 + j**3 - j**2 + 0*j. Give g(0).
-4
Let h(s) = -3*s + 2. Let y be 5*((-6)/(-5))/(-3). Let t = y - -4. Suppose -t*u = 5 - 1. Give h(u).
8
Suppose 0 = h + 6 - 3. Let d(t) be the first derivative of t**3/3 + 5*t**2/2 + 2*t - 1. Give d(h).
-4
Let m(x) = 0*x**2 - 6*x + x**2 - 3 - 2*x**2 + 0*x**2. Let g = 2 - 4. Calculate m(g).
5
Let x(m) = -m**2 - 4*m + 2. Suppose 4*l - 2*u = -10, 0*u + 12 = -4*u. What is x(l)?
2
Let i(h) = -1 - 3*h + h**2 + 6*h - 2*h**2. Suppose 0 - 20 = -5*l. Calculate i(l).
-5
Let b(r) be the third derivative of -r**4/12 - r**3/3 - r**2. Determine b(-2).
2
Let v(b) = -3*b**3 - 5*b**2 - 7*b - 3. Let k(a) = 2*a**3 + 4*a**2 + 6*a + 2. Let s(u) = 4*k(u) + 3*v(u). Let n be (0 - 3/(-9))*9. Give s(n).
-10
Let p(j) = j**2 - 2*j. Let f be p(3). Suppose 6 + f = -3*g. Let t be (-3)/(-9) + (-5)/g. Let a(l) = -l**2 + 4*l - 1. What is a(t)?
3
Let r(v) = 4*v**2 - v + 7. Let m(c) = -4*c**2 - 6. Let n(t) = 5*m(t) + 4*r(t). Determine n(-2).
-10
Let l be 20/(-15)*9/(-6). Let d(s) = 2*s. Let c(n) = -6*n - 1. Let f(j) = l*c(j) + 7*d(j). Give f(3).
4
Let u(n) = -n - 2. Let x be u(-9). Let i = -3 + 6. Let d(k) = x + 3*k - 2*k - i*k. Calculate d(6).
-5
Let m(p) = p**3 - 5*p**2 + 6*p - 3. Let s(v) = 3*v**2 + 19*v - 10. Let j be s(-7). What is m(j)?
5
Let m(p) = 7*p**3 - 2*p**2 + 1. Let r = 20 - 34. Let b = -13 - r. Calculate m(b).
6
Suppose t - 2 - 2 = 0. Let j(l) be the first derivative of l**2/2 + 21. Calculate j(t).
4
Let r(h) = -h**3 - 3*h**2 + h + 4. Let m(b) = -2*b**2 + 14*b - 16. Let c be m(6). Calculate r(c).
16
Let n(b) = 2 + 0*b - 11*b + 8*b + 8*b. Give n(-4).
-18
Let i = -3 + 3. Let c = 4 + i. Let p(v) = -v + 2. Calculate p(c).
-2
Let v(w) = w - 2. Let s(o) = o**3 + 8*o**2 - 8*o + 12. Let b be s(-9). Let m be v(b). Let f(l) = -8*l**3 + 1. Calculate f(m).
-7
Let f(w) = -w**3 + w**2 + w. Suppose 3*c + 9 = 0, -3*c - 2*c - 11 = 4*h. Give f(h).
1
Let k = 5 - 3. Let v be 4/6 + 11/(-3). Let x = v - k. Let o(c) = c**3 + 6*c**2 + 5*c + 2. What is o(x)?
2
Let n be (0 + -1)/((-1)/2). Let x(u) = u. Let k(o) = -4*o + 3. Suppose -6*p + 8 = -2*p. Let h(g) = p*x(g) + k(g). Determine h(n).
-1
Let k(j) = -j**2 + 2*j + 7. Let c(v) = -3*v**2 + 7*v + 20. Let f(g) = -4*c(g) + 11*k(g). Determine f(6).
-3
Let a(t) = 2*t + 4. Let w be a(-3). Let m be 5/w + (-7)/(-14). Let p(c) = c**3 + 4*c**2 + c + 2. What is p(m)?
8
Let w(b) = -2*b + 5. Let m(z) = 2*z - 3. Suppose -3*j = -2 - 10. Let u be m(j). Give w(u).
-5
Let p(z) = -4*z**2 + 1. Suppose 3*m = -5*v + 12, -5*m + 3*v + 2 = -18. Let s = -4 - -1. Let k = m + s. Give p(k).
-3
Suppose 0*s + 4*s + 4 = 0. Let g be 6/(-3) + s + 0. Let a(w) = 3*w - 3*w - w - 2. Determine a(g).
1
Let x(b) = -b**3 - b**2 - b + 1. Let z(a) = -6*a**3 - 8*a**2 - 2*a + 7. Let p(i) = 5*x(i) - z(i). Calculate p(-3).
7
Suppose -5*k - 5*c + 15 = -3*c, -k - 14 = -3*c. Let y(x) be the first derivative of -1/2*x**2 + 2*x - 3. Give y(k).
1
Let r(y) = 6*y**2 + 28*y + y**3 - 70*y + 36*y + 5. Calculate r(-7).
-2
Let a(g) = -4*g**3 + 6*g - 1. Let d(u) = -3*u**3 - u**2 + 6*u - 2. Let t(r) = 4*a(r) - 5*d(r). Determine t(4).
-2
Let q(o) be the first derivative of -o**5/20 + o**4/3 + o**3 + 3*o - 5. Let r(y) be the first derivative of q(y). Determine r(5).
5
Let c(i) = i**3 + 4*i**2 + 1. Let v be c(-4). Let p be -5*(21/15 + -1). Let h = v + p. Let x(j) = 5*j**2 - j. Give x(h).
6
Let z(n) = -n + 9. Suppose -6*y = -y - 35. What is z(y)?
2
Suppose -12*n = -6*n - 36. Let w(c) = -c**2 + 7*c - 2. What is w(n)?
4
Let m(h) = -h**2 + 7*h - 3. Let q(o) = 3*o**3 + 3*o**2 + 4*o + 2. Let l be q(-2). Let b be (-81)/l + (-6)/(-4). What is m(b)?
3
Let r = -4 - -6. Suppose 3*c - 9 = 0, -4*g = -r*g - 2*c - 4. Let x(b) = 2*b**3 + g*b - 4*b - 3*b**2 - 3*b**3 + 3. What is x(-3)?
0
Let c(h) = 4*h - 4. Let k(x) = x - 1. Let v(t) = -6*c(t) + 22*k(t). Let f be (2/(-6))/((-1)/6). Calculate v(f).
-2
Let j(y) be the third derivative of y**4/12 + y**3 - y**2. Determine j(-6).
-6
Let t be 1/((-1)/(-2) + 0). Let v(b) = -b**t - 5*b - b - b. What is v(-6)?
6
Suppose 19 = -4*q - 5*m - 0, -10 = q + 3*m. Let r(z) = z**2 + z. Give r(q).
0
Suppose 3*h - 5*n - 12 = 24, 0 = h - 5*n - 22. Suppose 0 = -4*o + h*o - 12. Let x(w) = -o*w - 4*w**2 + 0*w**2 + 5*w**2. What is x(5)?
5
Let r(q) be the second derivative of -q**5/120 + q**4/24 - q**3/6 + 3*q. Let c(t) be the second derivative of r(t). Determine c(0).
1
Let a(v) be the second derivative of v**4/12 + 11*v**3/6 + 3*v**2 + 27*v - 2. Determine a(-10).
-4
Let z(w) be the first derivative of w**2 - w - 6. Calculate z(4).
7
Suppose 0 = 4*w + q - 1, -q + 4 + 4 = -3*w. Let h be 2/(15/9 + w). Let b(u) = -u**3 + 3*u**2 + 3*u. Calculate b(h).
9
Let i(a) = a**3 + 6*a**2 + 6*a - 9. Let d be i(-4). Let v(m) be the first derivative of 4*m**3/3 + m - 3. Calculate v(d).
5
Let o(f) = -7*f**3 + 12*f**2 - 9*f + 8. Let b(p) = -4*p**3 + 6*p**2 - 4*p + 4. Let q(v) = 5*b(v) - 3*o(v). Calculate q(5).
6
Let s(u) = u - 2. Let x(d) = -d**2 + 8*d - 4. Let v be x(7). Let l = -2 + v. Suppose 0 = -2*j - l - 9. Determine s(j).
-7
Let q(x) = -5*x + 4. Let j(f) = -11*f + 9. Let m(h) = -6*j(h) + 13*q(h). Determine m(-2).
-4
Let a(s) = -s**3 + 5*s**2. Let d be a(5). Let j(u) = u - 1. Calculate j(d).
-1
Suppose 2*s = 7*s - 10. Let d(j) be the first derivative of -j**5/30 + j**4/24 - 2*j**3/3 - 3. Let a(i) be the third derivative of d(i). Calculate a(s).
-7
Let w be ((-1)/3)/(2/(-18)). Let l(j) = w + j**2 + j - 5 + 4*j. What is l(-3)?
-8
Let v(l) be the third derivative of l**5/60 - 3*l**4/8 - 4*l**3/3 + l**2. Determine v(9).
-8
Let j(n) = 6*n**2 - 2*n + 8*n**2 - 4 - 15*n**2. Suppose 2 = 2*p + 8. Determine j(p).
-7
Let j(h) be the first derivative of -h**2/2 + 8*h + 3. What is j(5)?
3
Let q(j) = j**2 - j - 3. Let u(w) = 5*w**2 - 4*w - 12. Let d(g) = -9*q(g) + 2*u(g). What is d(0)?
3
Let y(n) be the third derivative of -n**4/24 + 4*n**3/3 + 2*n**2 + 25. Let b(t) = 5*t + 1. Let w(h) = -2*h - 1. Let r be w(-1). Let z be b(r). Give y(z).
2
Let q = 10 - 6. Let r be (2/8)/(1/q). Let h(v) be the second derivative of -v**4/12 - v**3/6 + v**2/2 + 5*v. Determine h(r).
-1
Let m(a) = -4*a**2 - 14*a - 11. Let t(k) = k**2 + 5*k + 4. Let f(s) = -2*m(s) - 7*t(s). Let l be f(7). Let g(x) = x**2 + 5*x - 2. Calculate g(l).
4
Let f